= 0. What is the remainder when o is divided by 15?
9
Suppose -4*u = -5*l - 2498, 9*u - 5*u - 4*l = 2500. What is the remainder when u is divided by 17?
15
Let y(w) = -w + 6. Let s be y(6). Suppose x + 0*z - 44 = 4*z, s = -4*z - 8. Let r(v) = -v - 7. What is the remainder when x is divided by r(-27)?
16
Let s = -188 + 200. Calculate the remainder when s is divided by 4.
0
Let o be -7 + ((-20)/5)/1. Let a = -1 - o. What is the remainder when 0 + a + 24/(-12) is divided by 5?
3
Suppose 100 = -w + 6*w. Let l be ((-36)/30)/(4/(-10)). Suppose 0 = l*q - 5*q + 114. What is the remainder when q is divided by w?
17
Let k(x) = 23*x**2 + x + 3. Let u be (16/3)/(2/6). Let b = -9 + u. What is the remainder when k(-1) is divided by b?
4
Suppose -7*u + 3*u = 2*t + 16, 2*t - 9 = u. Suppose 13 = -t*i + 235. Suppose 0 = -3*p + i + 21. What is the remainder when p is divided by 23?
21
Let b be (16/(-24))/((-4)/(-30)). What is the remainder when 9 is divided by (-18)/(-3) - (-2 - b)?
0
Let n(a) = -a**3 - 6*a**2 + 11*a + 2. What is the remainder when n(-9) is divided by 10?
6
Suppose 2*z + 132 = 3*v - 3*z, 5*v - 5*z = 230. Calculate the remainder when 190 is divided by v.
43
Suppose -39*z = -870 - 6540. What is the remainder when z is divided by 33?
25
Let i be 6/(-4)*(-48)/18. Suppose -2*k = -3*a + 42, -3*a = i*k - 2*k - 54. Calculate the remainder when 60 is divided by a.
12
Let u = 576 + -526. Calculate the remainder when 87 is divided by u.
37
Suppose r = b - 4, -4*r + 4 = -b - r. Suppose -5*u + 77 + b = 0. Calculate the remainder when 49 is divided by u.
15
Calculate the remainder when 0 - 56/(-42) - 281/(-3) is divided by 28.
11
Let j = 34 + -29. Suppose -j*n + 736 = -0*n - 2*y, -2*n = -2*y - 298. Suppose 2*d = -2*d + 148. What is the remainder when n is divided by d?
35
Let s(k) = 3*k**2 + 6*k + 2. Let v be (2/6)/(5/(-45)). Calculate the remainder when s(v) is divided by 6.
5
Suppose 0 = -b + 5*b - 5*j - 102, -5*b + 5*j + 125 = 0. Let w(y) = 1 - 3*y + 5*y**2 + 3*y. Calculate the remainder when b is divided by w(1).
5
Suppose 5*p = -f + 11, -2*p = -3*p + 3. Let v be f/(2 - 112/52). Calculate the remainder when 67 is divided by (-180)/(-13) - (-4)/v.
11
Let p(a) = a**3 + 10*a**2 + 4*a + 30. Let z = -38 - -61. Suppose -68 = -5*d + 2*f + z, 86 = 4*d + 5*f. What is the remainder when p(-9) is divided by d?
18
Suppose 0 = -k - 0 + 4. Suppose 6 = -k*q + 150. What is the remainder when q is divided by 2?
0
Suppose 3 = 18*g - 19*g, -3*g = 3*o - 57. What is the remainder when 921 is divided by o?
19
Let n = 73 - 55. Suppose -355 = -5*v + 4*k, -5*v + k - n = -388. Calculate the remainder when v is divided by 19.
18
Suppose 0 = -0*d - d + m + 135, 3*d + 4*m = 419. What is the remainder when d is divided by 32?
9
Let f be 27/(-6)*76 - -2. What is the remainder when (3 - 6)*f/12 is divided by 29?
27
What is the remainder when 7 + -17 + 7 - -414 is divided by 32?
27
Suppose -w + 4*f = 6, 3*f + 3*f = 18. Calculate the remainder when 77 is divided by w.
5
Let d = -51 + 70. Suppose -10*x - 208 = -14*x. What is the remainder when x is divided by d?
14
Suppose -5*c + 34 = 9. Let g(s) = s**3 - 4*s**2 - 4*s - 7. Let n be g(c). Let p(u) = -3*u**3 - 2*u**2 - 3*u. Calculate the remainder when 43 is divided by p(n).
21
Suppose 0 = -a - 13 - 6. Let j(m) = m**2 + 9*m - 40. Let q be j(3). What is the remainder when 12/1*a/q is divided by 15?
12
Let o be 1 - 0 - (-4 + 9). Let z = 4 + o. Suppose -2*t + z*t = -14. Calculate the remainder when 11 is divided by t.
4
Let p(z) = 23*z**2 - 140*z + 280. Calculate the remainder when p(2) is divided by 43.
6
Suppose 5*v - 310 = -2*n + 2*v, -4*v = -16. Suppose -4*q - 3*m + 155 = 0, 68 + 82 = 4*q - 2*m. What is the remainder when n is divided by q?
35
Let g(r) = 2*r + 65. Calculate the remainder when g(20) is divided by 27.
24
Let u(d) = 15*d**2 + 3*d + 6. Calculate the remainder when u(-2) is divided by 32.
28
Suppose -4*a = 4, 0 = 4*j - a - 0*a - 61. Suppose 4*t = -j + 39. Calculate the remainder when 9 is divided by t.
3
Suppose -4*w - 2*c = -34, -6 - 25 = -w - 5*c. Suppose -140 = -2*g - w*k + 3*k, -k + 70 = g. What is the remainder when g is divided by 18?
16
Let y be 5/(3/3) + 2. Let m(w) = -w + 12. Let p be m(y). Suppose -p*a + 617 = 172. Calculate the remainder when a is divided by 23.
20
Let h = 1429 - -164. What is the remainder when h is divided by 55?
53
Suppose 4*n + 0*i + 3*i - 41 = 0, -4*n = 4*i - 36. Calculate the remainder when 52 is divided by n.
10
Let z be (-111 - (-20)/(-5)) + 1. Let u = z - -139. What is the remainder when 49 is divided by u?
24
Let c(s) = s**2 - 16*s - 67. What is the remainder when (-3)/9*(-266 - 1) is divided by c(20)?
11
Suppose 5*r = -5*u + 117 + 18, -3*u = r - 87. What is the remainder when u is divided by 29?
1
Suppose 833 = 15*l - 1567. Let g = l + -134. What is the remainder when g is divided by 15?
11
Suppose 2*k = y - 55 - 24, -y + 5*k = -70. Let t(j) = -j**3 - 25*j**2 - 24*j + 11. What is the remainder when y is divided by t(-24)?
8
Let y(v) = 4*v**2 - 108*v + 6. Calculate the remainder when y(29) is divided by 24.
22
Let d(w) = -w**3 - 4*w**2 + 2*w + 5. Let x be d(-4). Calculate the remainder when -1 + (1 - -8) - x is divided by 9.
2
Let c = -43 - -85. What is the remainder when 122 is divided by c?
38
Let n(h) = h**3 + 23*h**2 - 24*h + 17. Calculate the remainder when 336/15 - (-3)/5 is divided by n(-24).
6
Let j(p) = 3*p**2 - 24*p - 8. Let d be 6/2 - 0/2. Suppose -2*q = 5*i - 37, -2*i + 6*q + 30 = d*q. Calculate the remainder when j(10) is divided by i.
7
Let d = 1726 - 1664. What is the remainder when 187 is divided by d?
1
Let d(v) = v**2 + v - 6. What is the remainder when 67 is divided by d(4)?
11
Suppose -8*y - 328 = -4*y. Let m be 4/(-26) + y/(-26). Suppose -4*q + 35 = q + 3*s, -m*q - 2*s + 21 = 0. What is the remainder when q is divided by 3?
1
Let x(u) = 15*u - 48. What is the remainder when x(5) is divided by 7?
6
Let y = 2 - 2. What is the remainder when 14/6 - (-3200)/192 is divided by (2 - y) + 7 + -5?
3
Suppose -x - 2*w = -29, -3*w = -2*x - 11 + 76. Let b = 190 - 106. What is the remainder when b is divided by x?
22
Suppose -a = -p - 123 - 118, 2*a = 4*p + 482. Calculate the remainder when a is divided by 77.
10
Let p(l) = 5*l - 1. Let y(t) = t**3 - 16*t**2 + 14*t + 19. Let i be y(15). Calculate the remainder when 54 is divided by p(i).
16
Suppose -22*c = -12*c - 200. What is the remainder when 377 is divided by c?
17
Let w be (1 - 1)/(-9 + 7). Suppose w = -7*k + 5*k + 56. Let c = 9 + -3. Calculate the remainder when k is divided by c.
4
Suppose -4*c - 576 = -5*w, 4*w - 12*c + 9*c - 461 = 0. What is the remainder when w is divided by 21?
11
Let q(v) = -9*v - 20. Let l be q(-12). Let g = -76 + l. What is the remainder when 42 is divided by g?
6
Let c(w) = w**3 - 8*w**2 + 3*w - 19. Let q be c(8). Suppose -5*x + t = -93, 3*x - q*x = 2*t - 30. Calculate the remainder when 86 is divided by x.
14
Suppose 2*v = 2*o - 14, -3*v - 10 = -4*o + 17. Calculate the remainder when 7 is divided by (-3)/o + 36/8.
3
Suppose 3*n + 2 = -4*d, 2*d + 3*d = n + 26. Let r(l) = l**2 + 3*l + 2. Calculate the remainder when 0 + (-4)/(-12) + 1180/15 is divided by r(n).
19
Let u = 64 - 37. Let r(p) = -8*p + 28. Let m be r(3). Suppose 0 = 4*s - m*w - 44, -s + 6*w = w - 15. Calculate the remainder when u is divided by s.
7
Suppose 46 - 346 = -5*c - 5*y, -3*c + 208 = -4*y. Let d = c - 45. What is the remainder when 71 is divided by d?
14
Suppose -12*m + 1115 = -1021. Let d(l) = -l**2 + 13*l + 3. What is the remainder when m is divided by d(6)?
43
Let i(g) = g**2 + 6. Let v be i(-5). Let p = -28 + v. Calculate the remainder when 4 is divided by p.
1
Let b(f) = -f**3 - 11*f**2 + 21*f + 11. Calculate the remainder when b(-14) is divided by 67.
37
Suppose -3 = -5*l + v + 2*v, 6 = -2*l + 3*v. Suppose -l*s = 2*p - 19 - 15, 3*s + 50 = 4*p. Calculate the remainder when p is divided by 4.
2
Suppose z = -3*t + 38, -3*t + 62 - 12 = -2*z. Suppose 0 = 3*q - 2*p - 2, p - 30 = -5*q - p. Calculate the remainder when t is divided by q.
2
Calculate the remainder when (-2)/(6 - -6) + (-3076)/(-24) is divided by 19.
14
Let v = -18 - -52. Let d(f) = -23*f - 6. Calculate the remainder when d(-6) is divided by v.
30
Suppose 0 = -5*a +